{"id":9094,"date":"2026-01-12T23:45:44","date_gmt":"2026-01-13T04:45:44","guid":{"rendered":"https:\/\/emersonavenuesalons.com\/?page_id=9094"},"modified":"2026-01-12T23:49:22","modified_gmt":"2026-01-13T04:49:22","slug":"salonline-2025-01-11-sam-post-carlos-rodriguez","status":"publish","type":"page","link":"https:\/\/emersonavenuesalons.com\/?page_id=9094","title":{"rendered":"Salonline 2026-01-11 Sam Post &amp; Carlos Rodriguez"},"content":{"rendered":"\n<p class=\"has-text-align-center has-medium-font-size\"><a class=\"maxbutton-9 maxbutton maxbutton-button-5b\" title=\"Click to donate (100% Matched!)\" href=\"https:\/\/emersonavenuesalons.com\/?page_id=5466\"><span class='mb-text'>DONATE!<\/span><\/a> <a class=\"maxbutton-5 maxbutton maxbutton-button-5-text\" title=\"Click to Watch Salonline\" href=\"https:\/\/youtube.com\/live\/9CKqICEaLTI?feature=share\"><span class='mb-text'>Watch Salonline<\/span><\/a> <a class=\"maxbutton-8 maxbutton maxbutton-button-5a\" title=\"Click to see Older Salonlines\" href=\"https:\/\/emersonavenuesalons.com\/?page_id=189\"><span class='mb-text'>Previous Salonlines<\/span><\/a><\/p>\n\n\n\n<h1 class=\"wp-block-heading has-text-align-center has-text-color has-link-color wp-elements-694ebd9e36fc70dca13401b827dd2b29\" style=\"color:#000000\">Sunday, January 11, 2026<\/h1>\n\n\n\n<p class=\"has-text-align-center has-text-color\" style=\"color:#f30000\">&#8212; a &#8220;hybrid&#8221; event &#8212;<\/p>\n\n\n\n<p class=\"has-text-align-center has-text-color has-link-color has-x-large-font-size wp-elements-f7125ebf40c870ab37b1d1de2ca1300f\" style=\"color:#8426a6\"><strong>Sam Post <\/strong><br><strong>and <\/strong><br><strong>Carlos <strong>C\u00e9sar<\/strong><\/strong> <strong>Rodriguez<\/strong><\/p>\n\n\n\n<p class=\"has-text-align-center has-dark-gray-color has-text-color has-link-color has-large-font-size wp-elements-f7c07ed3c5c55884c101c3f851bfd1b3\"><strong>Piano<\/strong><\/p>\n\n\n\n<p class=\"has-text-align-center has-text-color has-link-color has-large-font-size wp-elements-213ce4302d18304e92c58c3a67e06318\" style=\"color:#57822c\"><strong>One, Two, Three and Four Hands<\/strong><\/p>\n\n\n<div class=\"wp-block-image\">\n<figure class=\"aligncenter size-full\"><a href=\"https:\/\/emersonavenuesalons.com\/wp-content\/uploads\/2025\/10\/Sam-Post-Carlos-Cesar-Rodriguez640.jpg\"><img loading=\"lazy\" decoding=\"async\" width=\"640\" height=\"360\" src=\"https:\/\/emersonavenuesalons.com\/wp-content\/uploads\/2025\/10\/Sam-Post-Carlos-Cesar-Rodriguez640.jpg\" alt=\"\" class=\"wp-image-8848\" srcset=\"https:\/\/emersonavenuesalons.com\/wp-content\/uploads\/2025\/10\/Sam-Post-Carlos-Cesar-Rodriguez640.jpg 640w, https:\/\/emersonavenuesalons.com\/wp-content\/uploads\/2025\/10\/Sam-Post-Carlos-Cesar-Rodriguez640-300x169.jpg 300w, https:\/\/emersonavenuesalons.com\/wp-content\/uploads\/2025\/10\/Sam-Post-Carlos-Cesar-Rodriguez640-624x351.jpg 624w\" sizes=\"auto, (max-width: 640px) 100vw, 640px\" \/><\/a><\/figure>\n<\/div>\n\n\n<p class=\"has-text-align-center has-medium-font-size\">Carlos Cesar Rodriguez and Sam Post will play a recital of back and forth improvisations, springing from their imaginations and audience feedback. Sam has been studying improvisation under Carlos for years and you&#8217;ll catch a glimpse of their chemistry together at the piano. They&#8217;ll conclude the program with a theme and variations ending together with four hands. All of it unplanned!<br><\/p>\n\n\n\n<p class=\"has-text-align-center has-x-large-font-size\"><strong>BIOGRAPHY<\/strong><\/p>\n\n\n\n<p class=\"has-drop-cap has-text-align-left has-medium-font-size\"><strong>Sam Post<\/strong> is a versatile pianist-composer who has written for the San Francisco Symphony and Washington Performing Arts, recorded his own piano solo albums, and co-founded a chamber music ensemble dedicated to performing new works alongside lesser-known classics. The <em>Washington Post<\/em> has praised his abilities at the piano (\u201cconfident, sensitive\u2026a pianist with drive and intelligence\u201d), the <em>Bay Area Reporter<\/em> lauded his chamber symphony (\u201cPost has created a breathtaking musical joy ride\u201d), and luminaries such as Ren\u00e9e Fleming have commended his overall musicianship (\u201cincredibly gifted\u201d).<\/p>\n\n\n\n<p class=\"has-medium-font-size\">In 2016 Sam subbed as an accompanist to Yo-Yo Ma and Renee Fleming at the Kennedy Center. After hearing Sam play one of his compositions in rehearsal, Ma promptly recommended him to Michael Tilson Thomas at the San Francisco Symphony for a string quartet commission on Kazakh folk themes by late dombra player Karshyga Akhmedyarov, whose daughter Raushan plays in the symphony. After the premiere of the resulting \u201cSketches from Kazakhstan,\u201d the Symphony commissioned him to turn it into a chamber symphony for their SoundBox concert series in December 2017. The Baltimore Chamber Orchestra gave the East Coast premiere in February 2022.&nbsp;<\/p>\n\n\n\n<p class=\"has-medium-font-size\">Sam is the only five-time prizewinner of the Fidelio International Composition Competition for piano and won two consecutive \u201cNew Rag\u201d prizes at the World Championship Old-Time Piano Playing contest in 2021 and 2022. He has received commissions from Washington Performing Arts, Levine Music, and the Palisades Virtuosi, is a five-time resident at the Avaloch Farms Music Institute, and has appeared on WETA\u2019s \u201cFront Row Washington\u201d five times playing his own compositions. He has composed hundreds of pieces for solo piano, including dozens for one-hand piano. More recently he re-wrote the entire Well-Tempered Clavier Book 1 in his \u201cSyncopated Bach\u201d style (the Well-\u201cTampered\u201d Clavier); the recording is due out in February 2025 on Acis Records.<\/p>\n\n\n\n<p class=\"has-text-align-left has-medium-font-size\">In 2016 Sam co-founded Kassia Music and has written and performed dozens of new pieces with the group from duos to sextets. The group is currently in its sixth season as the ensemble-in-residence at the Episcopal Church of the Redeemer in Bethesda, MD. Sam also collaborates extensively with pianists Ralitza Patcheva and Carlos Cesar Rodriguez. He is on the piano and composition faculty at Levine Music.<\/p>\n\n\n\n<p class=\"has-drop-cap has-medium-font-size\">Acclaimed by the Washington Post as a \u201cvirtuoso\u2026. powerful \u2026masterful\u2026 pianist\u2026as compelling to watch as he is to hear\u2026\u201d, <strong>Carlos C\u00e9sar Rodr\u00edguez<\/strong> is a musician of great brilliance and versatility. He has gained recognition as a virtuoso pianist who not only generates excitement in the Hispanic and Spanish repertoire but also displays an extraordinary flair for Mozart, the Romantics and the Avant- garde scores. He has recorded for Omicron and Brioso labels and has won the highest critical acclaim for his CD of Spanish music, Espa\u00f1a en el coraz\u00f3n, distributed by Brioso Recordings. At home on early instruments as well, he has enjoyed entr\u00e9e to the Smithsonian Institution\u2019s rare collection, Mr. Rodr\u00edguez was chosen by the Smithsonian to perform during the 300 th year celebration of the<br>Piano by the museum. He was also invited to participate in the 150 th anniversary celebration of the Smithsonian Institution. Mr. Rodr\u00edguez has won acclaim as music director of Mozart operas and<br>Zarzuelas (Spanish operas), and as a composer, arranger, and improviser of ballets, Spanish dance scores, and Latin-Jazz\/Pop compositions.<\/p>\n\n\n\n<p class=\"has-medium-font-size\">As concert-pianist Carlos C\u00e9sar Rodr\u00edguez made his recital debut in his native Venezuela at age 5 and made his orchestral debut as soloist at age 11. Soon after he arrived in the United States to continue his music studies, Mr. Rodr\u00edguez was a finalist in the New York Philharmonic Young People\u2019s Competition. At age 21 he made his Weill Recital Hall at Carnegie Hall debut. As concert-artist he has toured Europe and performed concerti and solo recitals throughout the Americas. Venues in which Mr. Rodr\u00edguez has performed include the John F. Kennedy Center; the White House; and the Corcoran Gallery, and National Gallery of Arts in Washington, DC; Merkin Hall, Carnegie Hall, the Americas Society, 92 nd Y in New York; and the Mozarteum in Salzburg, Austria.<\/p>\n\n\n\n<p class=\"has-medium-font-size\"><br>As chamber music artist Mr. Rodr\u00edguez has been guest artist with the Garth Newell Chamber Music Festival and is a frequent guest artist of the National Chamber Ensemble. As collaborative artist he has worked with Denyce Graves, Jessye Norman and Pl\u00e1cido Domingo.<\/p>\n\n\n\n<p class=\"has-medium-font-size\">As conductor, Carlos C\u00e9sar Rodr\u00edguez has performed throughout the Americas. In 2005 he was chosen as award recipient of the prestigious Georg Solti Foundation US fellowship for outstanding young conductors. With the encouragement and collaboration of Maestro Pl\u00e1cido Domingo Mr. Rodr\u00edguez became founder and coordinator of the Zarzuela Program (Spanish Operetta) for the Domingo-Cafritz Young Artist Program with Washington National Opera in 2002. In addition he continues to be sought after as music director\/conductor of Zarzuela Productions and of Spanish operas in the USA and the Americas.<\/p>\n\n\n\n<p class=\"has-medium-font-size\">Mr. Rodr\u00edguez earned his Bachelor\u2019s degree with Clifton Matthews (Mr. Rodriguez\u2019 mentor) from the University of North Carolina School of the Arts, his Master\u2019s degree from the Juilliard School of Music with Joseph Kalichstein, and his Doctor of Musical Arts degree, conferred summa cum laude, with Thomas Schumacher at the University of Maryland, College Park.<\/p>\n\n\n\n<p class=\"has-medium-font-size\">Mr. Rodr\u00edguez is the Founding Artistic Director of R\u00d3MEZ3arts (building community and inter-cultural awareness though music to Engage, Enrich and Empower ) that developed inter-cultural exchanges in Cuba and Costa Rica between 2016 and the present. He toured as Pianist in Poland, Italy, NYC, and Montreal, performing the music of Chopin, with The Isadora Duncan International Institute. He continues to be Music Director for WORD Dance Theatre, appeared with them at the Kennedy Center\u2019s REACH in 2020 In MOVE! for the 100th anniversary of Women\u2019s Suffrage and will appear with them again March 10, 2023 on the Intersections Festival in a new Realization of MOVE! He is a member of Levine Music in Washington, DC.<\/p>\n\n\n\n<hr class=\"wp-block-separator has-alpha-channel-opacity\"\/>\n\n\n\n<p class=\"has-text-align-center has-medium-font-size\">If you&#8217;d like to receive Emerson Avenue Salon invitations, you can add yourself to the invitation list <a href=\"https:\/\/emersonavenuesalons.com\/?page_id=1212\">HERE<\/a>.<\/p>\n","protected":false},"excerpt":{"rendered":"<p>Sunday, January 11, 2026 &#8212; a &#8220;hybrid&#8221; event &#8212; Sam Post and Carlos C\u00e9sar Rodriguez Piano One, Two, Three and Four Hands Carlos Cesar Rodriguez and Sam Post will play a recital of back and forth improvisations, springing from their imaginations and audience feedback. Sam has been studying improvisation under Carlos for years and you&#8217;ll [&hellip;]<\/p>\n","protected":false},"author":1,"featured_media":0,"parent":0,"menu_order":0,"comment_status":"closed","ping_status":"closed","template":"","meta":{"footnotes":""},"class_list":["post-9094","page","type-page","status-publish","hentry"],"_links":{"self":[{"href":"https:\/\/emersonavenuesalons.com\/index.php?rest_route=\/wp\/v2\/pages\/9094","targetHints":{"allow":["GET"]}}],"collection":[{"href":"https:\/\/emersonavenuesalons.com\/index.php?rest_route=\/wp\/v2\/pages"}],"about":[{"href":"https:\/\/emersonavenuesalons.com\/index.php?rest_route=\/wp\/v2\/types\/page"}],"author":[{"embeddable":true,"href":"https:\/\/emersonavenuesalons.com\/index.php?rest_route=\/wp\/v2\/users\/1"}],"replies":[{"embeddable":true,"href":"https:\/\/emersonavenuesalons.com\/index.php?rest_route=%2Fwp%2Fv2%2Fcomments&post=9094"}],"version-history":[{"count":3,"href":"https:\/\/emersonavenuesalons.com\/index.php?rest_route=\/wp\/v2\/pages\/9094\/revisions"}],"predecessor-version":[{"id":9097,"href":"https:\/\/emersonavenuesalons.com\/index.php?rest_route=\/wp\/v2\/pages\/9094\/revisions\/9097"}],"wp:attachment":[{"href":"https:\/\/emersonavenuesalons.com\/index.php?rest_route=%2Fwp%2Fv2%2Fmedia&parent=9094"}],"curies":[{"name":"wp","href":"https:\/\/api.w.org\/{rel}","templated":true}]}}