{"id":6402,"date":"2023-08-08T00:33:20","date_gmt":"2023-08-08T04:33:20","guid":{"rendered":"https:\/\/emersonavenuesalons.com\/?page_id=6402"},"modified":"2023-08-08T00:33:20","modified_gmt":"2023-08-08T04:33:20","slug":"salonline-2023-07-20-openpageensemble","status":"publish","type":"page","link":"https:\/\/emersonavenuesalons.com\/?page_id=6402","title":{"rendered":"Salonline 2023-07-20 OpenPageEnsemble"},"content":{"rendered":"\n<p class=\"has-text-align-center has-dark-gray-color has-white-background-color has-text-color has-background\"><a class=\"maxbutton-3 maxbutton maxbutton-button-3-text\" title=\"Click Here to donate (100% Matched!)\" href=\"https:\/\/emersonavenuesalons.com\/?page_id=5466\"><span class='mb-text'>DONATE!<\/span><\/a>\u00a0 \u00a0 <a class=\"maxbutton-5 maxbutton maxbutton-button-5-text\" title=\"Click to Watch YouTube\" href=\"https:\/\/youtube.com\/live\/Q5xevYYekNc?feature=share\"><span class='mb-text'>Watch This Salonline<\/span><\/a> \u00a0\u00a0<a class=\"maxbutton-3 maxbutton maxbutton-button-3-text\" title=\"Click to see Older Salonlines\" href=\"https:\/\/emersonavenuesalons.com\/?page_id=189\"><span class='mb-text'>Previous Salonlines<\/span><\/a>  <\/p>\n\n\n\n<p class=\"has-text-align-center has-text-color\" style=\"color:#e10303\"><em>If you&#8217;re looking for Michael DeLalla, please click &#8220;Previous Salons&#8221;<\/em><\/p>\n\n\n\n<h2 class=\"wp-block-heading has-text-align-center\">Sunday July 30, 2023<br> Emerson Avenue Salonlines Proudly Presents<br> a Live YouTube Broadcast<\/h2>\n\n\n\n<p class=\"has-text-align-center has-text-color has-medium-font-size\" style=\"color:#de2c32\"><strong>&#8211;  A &#8220;hybrid&#8221; concert &#8211;<\/strong><\/p>\n\n\n\n<p class=\"has-text-align-center has-text-color\" style=\"color:#2f8811;font-size:56px\"><strong>OpenPageEnsemble<\/strong><\/p>\n\n\n\n<p class=\"has-text-align-center has-medium-font-size\"><strong>Sally McLain, violin<br>Lori Barnet, cello<br>Kathryn Brake, piano<br>Rosa Lamoreaux, voice<\/strong><\/p>\n\n\n\n<p class=\"has-text-align-center has-text-color\" style=\"color:#2a2e8e;font-size:48px\"><strong>&#8220;A Sense of Joy&#8221;<\/strong><\/p>\n\n\n<div class=\"wp-block-image\">\n<figure class=\"aligncenter size-full\"><a href=\"https:\/\/emersonavenuesalons.com\/wp-content\/uploads\/2023\/07\/Rosa-Lamoreaux-Lori-Barnet-Sally-McLain-Kathryn-Brake.gif\"><img loading=\"lazy\" decoding=\"async\" width=\"640\" height=\"360\" src=\"https:\/\/emersonavenuesalons.com\/wp-content\/uploads\/2023\/07\/Rosa-Lamoreaux-Lori-Barnet-Sally-McLain-Kathryn-Brake.gif\" alt=\"\" class=\"wp-image-6376\"\/><\/a><\/figure>\n<\/div>\n\n\n<hr class=\"wp-block-separator has-alpha-channel-opacity\"\/>\n\n\n\n<p class=\"has-text-align-center has-large-font-size\"><strong>PROGRAM<\/strong><\/p>\n\n\n\n<ul class=\"wp-block-list\">\n<li>Note: see texts, translations and additional information about the composers below<\/li>\n<\/ul>\n\n\n\n<p class=\"has-text-align-center\"><em>Two Songs<\/em> &#8212;<strong> Wolfgang Amadeus Mozart<\/strong> (1759-1796)<\/p>\n\n\n\n<p class=\"has-text-align-center\">Un moto di gioia K.579 *<br>Komm, Lieber Mai K. 596 *<\/p>\n\n\n\n<p class=\"has-text-align-center\">From <em>Sonata for Solo Violin<\/em>, Op. 31, No. 2 (1924) &#8212; <strong>Paul Hindemith<\/strong> (1895-1963) *<\/p>\n\n\n\n<p class=\"has-text-align-center\">F\u00fcnf Variationen \u00fcber das Lied *<br>\u201cKomm Lieber Mai\u201d: Leicht bewegte *<\/p>\n\n\n\n<p class=\"has-text-align-center\"><em>It\u2019s The Voice That Shall Remain<\/em> (2018)  &#8212; <strong>Ramin Amin Tafreshi<\/strong> (1992) *<br>    voice, violin, cello, piano *<\/p>\n\n\n\n<p class=\"has-text-align-center\"><em>Nocturnal Prayer<\/em> (2014) &#8212; <strong>Chris Rogerson<\/strong> (1988)<br>    cello, piano<\/p>\n\n\n\n<p class=\"has-text-align-center\"><em>Nightsongs II <\/em>(2021) &#8212; <strong>Justus Parrotta<\/strong> (1988)<br>  voice, piano<\/p>\n\n\n\n<p class=\"has-text-align-center\">Vocalise I<br>Choose Something Like a Star *<br>Intermezzo<br>Returning *<br>Vocalise II<\/p>\n\n\n\n<p class=\"has-text-align-center\"><em>Trio in E Major<\/em>. Hoboken XV:28 &#8212; <strong>Franz Joseph Haydn<\/strong> (1732-1809)<\/p>\n\n\n\n<p class=\"has-text-align-center\">Allegro moderato<br>Allegretto<br>Allegro<\/p>\n\n\n\n<hr class=\"wp-block-separator has-alpha-channel-opacity\"\/>\n\n\n\n<p class=\"has-text-align-center has-large-font-size\"><strong>TEXTS &amp; TRANSLATIONS<\/strong><\/p>\n\n\n\n<figure class=\"wp-block-table aligncenter\"><table><tbody><tr><td><strong><br>Un moto di gioia<\/strong><\/td><td><br><strong>A Sense of Joy<\/strong><\/td><\/tr><tr><td><br>Un moto di gioia mi sento nel petto,<br>Che annunzia diletto in mezzo il timor!<br>Speriam che in contento<br>finisca l\u2019affanno,<br>Non sempre tiranno il fato ed amor.<br><br>         <em>Lorenzo da Ponte<\/em><\/td><td><br>A sense of joy moves through my breast,<br>Announcing delight in the middle of fear!<br>Let\u2019s hope our worries will end in happiness.<br><br>Fate and Love are not always tyrants.<br><br><\/td><\/tr><tr><td><br><strong>Komm, Lieber Mai<\/strong><br><\/td><td><br><strong>Come Lovely May<\/strong><\/td><\/tr><tr><td><br>Komm, Lieber Mai,<br>Und mache die B\u00e4ume wieder gr\u00fcn.<br>Und la\u00df mir an dem Bache<br>Die kleinen Veilchen bl\u00fchn!<br>Wie m\u00f6cht\u2019 ich doch so gerne<br>Ein Veilchen wieder sehn,<br>Ach, Lieber Mai,<br>Wie gerne ein mal spazieren gehn!<br><br>Zwar Wintertage haben<br>Wohl auch der Freuden viel,<br>Man kann im Schnee traben<br>Und treibt manch\u2019 Abendspiel.<br>Baut H\u00e4userchen von Karten,<br>Spielt Blindekuh und Pfand,<br>Auch gibt\u2019s wohl Schlittenfahrten<br>Aufs liebe freie Land.<br><br>Ach, wenn\u2019s doch erst gelinder<br>Und gr\u00fcner drau\u00dfen w\u00e4r!<br>Komm, Lieber Mai, wir Kinder,<br>Wir bitten dich gar sehr!<br>O komm und bring\u2019 vor allem uns<br>Viele Veilchen mit,<br>Bring\u2019 auch viel Nachtigallen<br>Und sch\u00f6ne Kuckucks mit!<br><br><em>       Christan Adolf Overbeck<\/em><br><br><\/td><td>Come lovely May<br>And make the trees green again.<br>and let for me, by the brook<br>The little violets bloom!<br>How I would dearly love<br>to see a violet again.<br>Ah, lovely May,<br>How gladly I would take a stroll!<br><br>It is true that winter days<br>Have much joy as well:<br>One can trot in the snow<br>And play many games in the evening<br>Building little houses of card,<br>Play blind-man\u2019s-bluff and forfeits,<br>Also go sledding<br>In the lovely open countryside.<br><br>Ah, if only it would grow milder<br>And greener out there!<br>Come, lovely May, we children,<br>we beg you!<br>Oh come and bring for us,<br>ahead of anyone else, lots of violets,<br>Also bring lots of nightingales<br>And pretty cuckoos!<br><br><\/td><\/tr><\/tbody><\/table><\/figure>\n\n\n\n<p>One of the most important composers of the first half of the 20th century, <strong>Paul Hindemith<\/strong> dominated German musical life during the Weimar Republic (1919\u201333). A versatile musician, he sustained an astonishing level of productivity in his composing while pursuing a successful career as a solo violist and member of a professional string quartet. These gifts, coupled with his dedication to teaching, ensured that he was able to prosper even after he chose to leave Germany during the Third Reich and make his home in the United States. Hindemith came from a humble background and faced severe poverty during his childhood. Nevertheless his parents encouraged him to learn music and his burgeoning talent as a string player was quickly recognised. Awarded a scholarship at the Hoch Conservatory in Frankfurt just before the First World War, he was taught composition by Arnold Mendelssohn and Bernhard Sekles while still continuing his violin studies. Initially, Hindemith composed in an extravagant late-Romantic manner inspired by Richard Strauss, Franz Schreker and Arnold Schoenberg. But by the beginning of the 1920s he had repudiated this style, first of all enthusiastically embracing Expressionism and then subscribing to the then-fashionable idea of a \u2018new objectivity\u2019: music created for music\u2019s sake rather than being accompanied by some kind of philosophical message.&nbsp;<\/p>\n\n\n\n<p class=\"has-text-align-center\"><em>Deutsche Grammaphone<\/em><\/p>\n\n\n\n<p class=\"has-text-align-center\"><strong>It\u2019s The Voice That Shall Remain<\/strong><\/p>\n\n\n\n<p class=\"has-text-align-center\">I said what I said to defy or to cry, come what may.<br>It\u2019s the voice that shall remain.<br>You want to erase my being but I shall remain.<br>It\u2019s the voice that shall remain.<br>I\u2019ll wither away.<br>You want to erase my being,<br>But in this land I shall remain.<br>As long as I sustain, I will continue the Dance!<br>I will dance!<br>My verse, as vast as a meadow,<br>Its universe rooted in my homeland.<br>In the world of ghazal<br>I\u2019m a fleet-footed gazelle.<br>I speak as long as I\u2019m alive.<br>Fury, Roar, and revolt!<br>Your stones and rocks I fear not:<br>I\u2019m flood, my flow you can\u2019t halt.<br>I\u2019m not the woman your deceit<br>Can lock up in your fortress end.<br>I\u2019m lightning, my silence will not adorn the sight.<br>I\u2019m prelude to thunder:<br>Till then I illuminate the night.<br>I said what I said to defy or to cry,<br>Come what may.<br>It\u2019s the voice that shall remain.<br>In this land I shall remain.<\/p>\n\n\n\n<p class=\"has-text-align-center\"><em>Simin Behbahani, translated to English by Sheema Kalbasi<\/em><\/p>\n\n\n\n<p><strong>Simin Behbahani<\/strong>, (born July 20, 1927,&nbsp;<a href=\"https:\/\/www.britannica.com\/place\/Tehran\">Tehr\u0101n<\/a>, Iran\u2014died August 19, 2014, Tehr\u0101n), Iranian poet who earned the&nbsp;<a href=\"https:\/\/www.merriam-webster.com\/dictionary\/sobriquet\">sobriquet<\/a>&nbsp;\u201cthe lioness of Iran\u201d for eloquently challenging national authorities and expressing her steadfast opposition to oppression and violence in more than 600 poems.<\/p>\n\n\n\n<p><strong>Ramin Amin Tafreshi<\/strong> is an Iranian Composer and Pianist based in the Netherlands. Ramin in the first place is a critical observer and then, an expressive composer. With his music, he tells stories, expresses emotions, and reflects on society and his surroundings. He brings literature and drama, dance and theatre, and visual arts in combination with his music. Furthermore, he is constantly searching for new ways to connect cultures from east to west. In December 2018, His composition, It\u2019s the Voice that shall Remain won the Second Prize and The Audience Prize from the Alba Rosa Composition Competition. Ramin\u2019s works have been performed on many international stages and broadcast on radio in countries like Netherlands, Italy, and Portugal. In the Netherlands, his works got performed in music festivals such as Dutch Classical Talent, Schiermonnikoog Festival, Grachten Festival, Opera Forward Festival, Oranjwoud Festival, and WonderFeel Festival.<\/p>\n\n\n\n<p><strong>Chris Rogerson&nbsp;<\/strong>is a composer whose work has been performed by orchestras across the United States, including the San Francisco Symphony, Atlanta Symphony, Houston Symphony, Kansas City Symphony, and Orchestra of St. Luke\u2019s, as well as esteemed artists such as Yo-Yo Ma, Anthony McGill, Ida Kavafian, Anne-Marie McDermott, and David Shifrin.<\/p>\n\n\n\n<p class=\"has-text-align-center\"><strong>Choose something like a star<\/strong><\/p>\n\n\n\n<p class=\"has-text-align-center\">O Star (the fairest one in sight),<br>We grant your loftiness the right<br>To some obscurity of cloud\u2014<br>It will not do to say of night,<br>Since dark is what brings out your light.<br>Some mystery becomes the proud.<br>But to the wholly taciturn<br>In your reserve is not allowed.<br>Say something to us we can learn<br>By heart and when alone repeat.<br>Say something! And it says, &#8216;I burn.&#8217;<br>But say with what degree of heat.<br>Talk Fahrenheit, talk Centigrade.<br>Use language we can comprehend.<br>Tell us what elements you blend.<br>It gives us strangely little aid,<br>But does tell something in the end.<br>And steadfast as Keats&#8217; Eremite,<br>Not even stooping from its sphere,<br>It asks a little of us here.<br>It asks of us a certain height,<br>So when at times the mob is swayed<br>To carry praise or blame too far,<br>We may choose something like a star<br>To stay our minds on and be staid.<\/p>\n\n\n\n<p class=\"has-text-align-center\"><em>Robert Frost<\/em><\/p>\n\n\n\n<p class=\"has-text-align-center\"><strong>Returning<\/strong><\/p>\n\n\n\n<p class=\"has-text-align-center\">My soul is lifted above the galaxies, above the Milky Way,<br>Above Pisces and Pegasus, Pinwheel and Cartwheel,<br>Rising past our Honey Home.<br>My soul is lifted above the galaxies, above the Milky Way,<br>Above Whirlpool and Tadpole, Andromeda and Sombrero,<br>Cygnus and Sculptor.<br>Rising past our Honey Home.<br>\u201cGalaxies are past cosmic islands of stars,<br>Gas, dust and dark matter, held together by gravity.\u201d<br>And I, I am part of the honey Milky Way, I am.<br>My eyes are stars, my fingers dust.<br>Rising, I am.<br>Bursting to velvet silence, No motors grind or weeping.<br>My soul is springing beyond equinox,<br>Of light and dark, no mark or clock<br>But harmony and music. Rising I am.<\/p>\n\n\n\n<p class=\"has-text-align-center\"><em>Diane Heath<\/em><\/p>\n\n\n\n<p><strong>Robert Frost <\/strong>was born in San Francisco, but his family moved to Lawrence, Massachusetts, in 1884 following his father\u2019s death. The move was actually a return, for Frost\u2019s ancestors were originally New Englanders, and Frost became famous for his poetry\u2019s engagement with New England locales, identities, and themes. Frost graduated from Lawrence High School, in 1892, as class poet (he also shared the honor of co-valedictorian with his wife-to-be Elinor White), and two years later, the&nbsp;<em>New York Independent<\/em>&nbsp;accepted his poem entitled \u201cMy Butterfly,\u201d launching his status as a professional poet with a check for $15.00. Frost&#8217;s first book was published around the age of 40, but he would go on to win a record four Pulitzer Prizes and become the most famous poet of his time, before his death at the age of 88.<\/p>\n\n\n\n<p class=\"has-text-align-center\"><em>Poetry Foundation<\/em><\/p>\n\n\n\n<p>In addition to writing lyrical poetry, <strong>Diane Heath<\/strong>, organist, maintains an energetic studio of piano and organ students in Northwest Washington, D.C., with students ranging in age from eight through senior citizen. Additionally, she serves as half-time Assistant Director of Music at St. Columba\u2019s Episcopal Church.Diane has served on the music faculty of several Washington, DC, independent schools, including National Cathedral School, St. Alban&#8217;s School, The Maret School and Sheridan School. In 2005 she created &#8220;<em>J. S. Bach and His Awesome Organ Music<\/em>&#8220;, a fun and educational concert for young people and their families. Ms. Heath\u2019s concert performances have included all&nbsp;<a href=\"https:\/\/www.dianeheath.org\/cathedral.html\">French programs<\/a>&nbsp;and all Mozart programs, as well as all Bach concerts. Her Bach playing is included in the&nbsp;<a rel=\"noreferrer noopener\" href=\"http:\/\/www.flentrop.nl\/geluid12.html\" target=\"_blank\">Flentrop Organ Company anniversary CD series<\/a>.<\/p>\n\n\n\n<hr class=\"wp-block-separator has-alpha-channel-opacity\"\/>\n\n\n\n<p class=\"has-text-align-center has-large-font-size\"><strong>Biography<\/strong><\/p>\n\n\n\n<p class=\"has-drop-cap\"><strong>OpenPageEnsemble<\/strong> performs vocal and instrumental small-ensemble works of the 20th and 21st centuries. Founding directors, Rosa Lamoreaux, voice, and Lori Barnet, cello, are continually grateful for the privilege of performing music of the past 10 centuries, yet are compelled by curiosity to explore and perform music of our own era, and to commission new vocal and instrumental works for small ensemble.<\/p>\n\n\n\n<p class=\"has-drop-cap\"><strong>Lori Barnet<\/strong>, cello, is a graduate of Bennington College. Her primary teachers include Robert Newkirk, George Finkel and Barbara Stein Mallow on cello, Phoebe Carrai on baroque cello, and Josef Gingold, Artur Balsam, Joseph Fuchs and Jacob Glick on chamber music. She is principal cellist of the National Philharmonic, Wolf Trap Opera Orchestra, and Chamber Orchestra First Editions in Philadelphia. She has appeared as soloist with the Augusta (GA) Symphony, Alexandria and Mclean Symphonies, Orchestra 2001, National Philharmonic, Washington Chamber Symphony, Chamber Orchestra First Editions, and several university ensembles. She was principal cellist of Penn Contemporary Players (Philadelphia) and the Contemporary Music Forum (DC), each for 20 years, and of Orchestra 2001 (Philadelphia) where she held the Dell Venarde Principal Cello Chair. She also served five seasons as the continuo cellist on period instruments for the Washington Bach Consort\u2019s cantata series. Other appearances as a baroque cellist include those with the National Cathedral Baroque Orchestra, the Vivaldi Project, Ensemble Gaudior, ArcoVoce, Kontra Bande and with the National Gallery of Art Vocal Ensemble. She has toured in Russia, Italy, Denmark, England, Cuba, and China and recorded for Orion and CRI. Miss Barnet has taught at the National Philharmonic Summer String Institutes since their inception, was the cello sectional coach for MCYO for 11 years and now coaches chamber ensembles for MCYO. She has been a faculty member at The George Washington University since 1991 where she teaches cello, coaches chamber music, and appears regularly with the University\u2019s faculty performance ensemble, the Columbian Consort.<\/p>\n\n\n\n<p class=\"has-drop-cap\">Soprano, <strong>Rosa Lamoreaux<\/strong> has appeared at Carnegie Hall, the Royal Albert Hall, the Leipzig Gewandhaus, the Kennedy Center and Strathmore Center, in opera and oratorio, chamber music and as a recitalist, Ms. Lamoreaux\u2019s performances have been cited as combining \u201cfresh lyricism and near-angelic purity of tone with surprising intensity\u201d (Washington Post). Recent and upcoming highlights include the B minor Mass and Bach cantatas for the Bethlehem Bach Festival, Handel\u2019s Messiah with the Rogue Symphony Orchestra, French opera with Opera Lafayette, American SongBook with the Washington Men\u2019s Camerata (at the Terrace Theatre, KC, on May 30, 2019), performances with ArcoVoce and the Folger Consort. Ms. Lamoreaux has performed with the Atlanta, Dallas, and Cincinnati Symphony Orchestras, the National Philharmonic Orchestra, the Smithsonian Chamber Orchestra, the Washington Chamber Orchestra, and the Northwest Chamber Orchestra. Her extensive repertoire includes works of Hildegard von Bingen through current composers. As a recitalist her venues include the Terrace Theatre, the Louvre, the Metropolitan Museum of Art, the Cloisters, the Smithsonian, the Library of Congress, the Corcoran Gallery, the Holocaust Museum, and the Phillips Collection. As a chamber music, Ms. Lamoreaux has toured with Musicians from Marlboro, Four Nations Ensemble, ArcoVoce, and Musica Aperta, in wide- ranging small-ensemble repertoire spanning early chant to present-day works. She is the recipient of numerous WAMMIE awards. Rosa\u2019s newest CDs, <em>Bach Among Friends<\/em>, arias and duets with baritone and members of Four Nations Ensemble, <em>Oh, So Nice<\/em> featuring songs from the Great American Songbook in imaginative arrangements by Rosa, Betty Bullock, piano, and Jon Nazdin, string bass, and <em>Evening Serenade<\/em>, an elegant mix of melodies for voice and guitar including transcriptions of Mozart and Schubert. For a complete discography and further information, please visit www.rosasings.com.<\/p>\n\n\n\n<p class=\"has-drop-cap\">Pianist <strong>Kathryn Brake<\/strong> -Characterized as a \u201ccompelling and imaginative performer\u201d by The Washington Post, pianist Kathryn Brake has performed solo recitals in the United States, Canada, Italy, France, Switzerland and Spain. A winner of the National Young Chopin Competition, the Beethoven Competition, the Kosciusko Foundation Awards and the Elizabeth Davis Award, she has performed as soloist with several orchestras, including the Baltimore Symphony and the National Symphony. A much sought-after chamber music player and recitalist who is equally at ease with a wide range of musical styles, Ms. Brake has performed at the Kennedy Center for the Performing Arts, the Phillips Gallery and the National Gallery in Washington DC, the Armand Hammer Museum in Los Angeles, the Teatro Real in Madrid and the Palau de la Musica in Barcelona. She is a regular performer at the Sun Valley Symphony Chamber Music Festival and is pianist for the Washington based group Music Aperta. Ms. Brake has performed live on WETA and WGMS radio stations and has recorded broadcasts for France Musique and Radio Television Espanola. She can be heard on the Albany Records label in several critically acclaimed recordings of duos and chamber music.<\/p>\n\n\n\n<p class=\"has-drop-cap\">Violinist <strong>Sally McLain <\/strong>received her Bachelor and Master of Music degrees with High Distinction from Indiana University where she studied with James Buswell. She has participated in the Bach Aria Festival and Institute, the New York String Orchestra and the Tanglewood Music Center. Sally was the concertmaster of the Washington Chamber Symphony for ten seasons and is currently the concertmaster of Washington Concert Opera. She was a member of the Theatre Chamber Players. Her recordings include the complete quartets of David Diamond and Quincy Porter with the Potomac String Quartet for Albany Records. Sally is currently violinist with the Left Bank Quartet and is an adjunct Chamber Music Faculty at the University of Maryland.<\/p>\n\n\n\n<hr class=\"wp-block-separator has-alpha-channel-opacity\"\/>\n\n\n\n<p class=\"has-text-align-center has-medium-font-size\">If you&#8217;d like to receive Emerson Avenue Salon invitations, you can add yourself to the invitation list <a href=\"https:\/\/emersonavenuesalons.com\/?page_id=1212\">HERE<\/a>.<\/p>\n","protected":false},"excerpt":{"rendered":"<p>\u00a0 \u00a0 \u00a0\u00a0 If you&#8217;re looking for Michael DeLalla, please click &#8220;Previous Salons&#8221; Sunday July 30, 2023 Emerson Avenue Salonlines Proudly Presents a Live YouTube Broadcast &#8211; A &#8220;hybrid&#8221; concert &#8211; OpenPageEnsemble Sally McLain, violinLori Barnet, celloKathryn Brake, pianoRosa Lamoreaux, voice &#8220;A Sense of Joy&#8221; PROGRAM Two Songs &#8212; Wolfgang Amadeus Mozart (1759-1796) Un moto [&hellip;]<\/p>\n","protected":false},"author":1,"featured_media":0,"parent":0,"menu_order":0,"comment_status":"closed","ping_status":"closed","template":"","meta":{"footnotes":""},"class_list":["post-6402","page","type-page","status-publish","hentry"],"_links":{"self":[{"href":"https:\/\/emersonavenuesalons.com\/index.php?rest_route=\/wp\/v2\/pages\/6402","targetHints":{"allow":["GET"]}}],"collection":[{"href":"https:\/\/emersonavenuesalons.com\/index.php?rest_route=\/wp\/v2\/pages"}],"about":[{"href":"https:\/\/emersonavenuesalons.com\/index.php?rest_route=\/wp\/v2\/types\/page"}],"author":[{"embeddable":true,"href":"https:\/\/emersonavenuesalons.com\/index.php?rest_route=\/wp\/v2\/users\/1"}],"replies":[{"embeddable":true,"href":"https:\/\/emersonavenuesalons.com\/index.php?rest_route=%2Fwp%2Fv2%2Fcomments&post=6402"}],"version-history":[{"count":0,"href":"https:\/\/emersonavenuesalons.com\/index.php?rest_route=\/wp\/v2\/pages\/6402\/revisions"}],"wp:attachment":[{"href":"https:\/\/emersonavenuesalons.com\/index.php?rest_route=%2Fwp%2Fv2%2Fmedia&parent=6402"}],"curies":[{"name":"wp","href":"https:\/\/api.w.org\/{rel}","templated":true}]}}