{"id":5738,"date":"2023-01-17T00:11:43","date_gmt":"2023-01-17T05:11:43","guid":{"rendered":"https:\/\/emersonavenuesalons.com\/?page_id=5738"},"modified":"2023-01-31T13:46:11","modified_gmt":"2023-01-31T18:46:11","slug":"2023-01-15-minji-nam-atticus-mellor-goldman-florrie-marshall","status":"publish","type":"page","link":"https:\/\/emersonavenuesalons.com\/?page_id=5738","title":{"rendered":"Salonline 2023-01-15 Minji Nam Atticus Mellor-Goldman &#038; Florrie Marshall"},"content":{"rendered":"\n<p class=\"has-text-align-center has-dark-gray-color has-white-background-color has-text-color has-background\"><a class=\"maxbutton-3 maxbutton maxbutton-button-3-text\" title=\"Click Here to donate (100% Matched!)\" href=\"https:\/\/emersonavenuesalons.com\/?page_id=5466\"><span class='mb-text'>DONATE!<\/span><\/a>&nbsp; &nbsp; <a class=\"maxbutton-3 maxbutton maxbutton-button-3-text\" title=\"Click to Watch YouTube\" href=\"https:\/\/youtu.be\/1YXxEsiTNvM\"><span class='mb-text'>Watch This Salonline<\/span><\/a> &nbsp;&nbsp;<a class=\"maxbutton-3 maxbutton maxbutton-button-3-text\" title=\"Click to see Older Salonlines\" href=\"https:\/\/emersonavenuesalons.com\/?page_id=189\"><span class='mb-text'>Previous Salonlines<\/span><\/a>  <\/p>\n\n\n\n<h2 class=\"has-text-align-center wp-block-heading\">Sunday January 15, 2022<br> Emerson Avenue Salonlines Proudly Presents<br> a Live YouTube Broadcast<\/h2>\n\n\n\n<p class=\"has-text-align-center has-text-color has-medium-font-size\" style=\"color:#de2c32\"><strong>&#8211;  A &#8220;hybrid&#8221; concert &#8211;<\/strong><\/p>\n\n\n\n<p class=\"has-text-align-center has-text-color\" style=\"color:#2f8811;font-size:48px\"><strong>Minji Nam<\/strong><br><strong>Atticus Mellor-Goldman<\/strong><br><strong>Florrie Marshall<\/strong><\/p>\n\n\n\n<p class=\"has-text-align-center has-large-font-size\">Piano, Cello &amp; Viola<\/p>\n\n\n\n<p class=\"has-text-align-center has-text-color has-x-large-font-size\" style=\"color:#1506b7\"><strong>Intimate Voices<\/strong><\/p>\n\n\n<div class=\"wp-block-image\">\n<figure class=\"aligncenter size-full\"><a href=\"https:\/\/emersonavenuesalons.com\/wp-content\/uploads\/2023\/01\/Atticus-Mellor-Goldman-Minji-Nam-Florrie-Marshall.gif\"><img loading=\"lazy\" decoding=\"async\" width=\"640\" height=\"360\" src=\"https:\/\/emersonavenuesalons.com\/wp-content\/uploads\/2023\/01\/Atticus-Mellor-Goldman-Minji-Nam-Florrie-Marshall.gif\" alt=\"\" class=\"wp-image-5717\"\/><\/a><\/figure>\n<\/div>\n\n\n<hr class=\"wp-block-separator has-alpha-channel-opacity\"\/>\n\n\n\n<p class=\"has-text-align-center has-large-font-size\"><strong>PROGRAM<\/strong><\/p>\n\n\n\n<p class=\"has-text-align-center\">Astor&nbsp;Piazzolla&nbsp;(1921-1992)<br><em>La Calle 92<\/em><br>Florrie Marshall, viola and Atticus Mellor-Goldman, cello<\/p>\n\n\n\n<p class=\"has-text-align-center\">Astor&nbsp;Piazzolla&nbsp;(1921-1992)<br><em>Oblivion<\/em><br>Minji Nam, piano, Florrie Marshall, viola and Atticus Mellor-Goldman, cello<\/p>\n\n\n\n<p class=\"has-text-align-center\">York Bowen (1884-1961)<br><em>Phantasy in F major<\/em>, Opus 54<br>Minji Nam, piano and Florrie Marshall, viola<\/p>\n\n\n\n<p class=\"has-text-align-center\">Amy Beach (1867-1944)<br><em>Romance<\/em> Op. 23<br>Minji Nam, piano and Atticus Mellor-Goldman, cello<\/p>\n\n\n\n<p class=\"has-text-align-center\">Anton Dvorak (1841-1904)<br><em>Romance&nbsp;<\/em>Opus 75, No. 1<br>Minji Nam, piano and Florrie Marshall, viola<\/p>\n\n\n\n<p class=\"has-text-align-center\">Clara&nbsp;Schumann (1819-1896)<br><em>Romance&nbsp;<\/em>Opus 22, No. 2<br>Minji Nam, piano and Florrie Marshall, viola<\/p>\n\n\n\n<p class=\"has-text-align-center\">Sergei Rachmaninoff (1873-1943)<br><em>Vocalise<\/em><br>Minji Nam, piano, Florrie Marshall, viola and&nbsp;Atticus Mellor-Goldman, cello<\/p>\n\n\n\n<hr class=\"wp-block-separator has-css-opacity\"\/>\n\n\n\n<p class=\"has-text-align-center has-large-font-size\"><strong>Biographies<\/strong><\/p>\n\n\n\n<p class=\"has-drop-cap\"><strong>Minji Nam<\/strong>, a native of Seoul, South Korea, is an energetic pianist, chamber musician and vocal coach.&nbsp;<\/p>\n\n\n\n<p>A graduate of Eastman School of Music, Minji has worked for Yale University, the Aspen Music Festival and School, Bowdoin International Music Festival, the McDuffie Center for Strings, Florida State University, and the MTNA competition. Minji was the head Coordinator and Collaborative Pianist at the Yale School of Music, where she enjoyed working with the students and renowned faculty. At Florida State University, she also worked as the Associate Coordinator of Collaborative Piano, as well as the music director for their opera outreach program; where she created programs designed to be more approachable for young kids without classical music exposure. As a vocal coach, she worked with FSU singers in the opera productions for Don Giovannni, B\u00e9atrice et B\u00e9n\u00e9dict, Alcina, and Carmen.&nbsp;<\/p>\n\n\n\n<p>Minji has been privileged to perform in recitals with some of the most sought-after artists, including Hsin-Yun Huang, Demarre McGill, Isabel Bayrakdarian, Evan Jones, Robert McDuffie, and Walfrid Kujala. Recent Guest Artist invitations include Residencies for the Atlanta Chamber players, the Hawaii Chamber Music Festival, and the Four Seasons Chamber Music Festival. Additionally, she has played in Masterclasses for the renowned artists Emmanuel Pahud, Hilary Hahn, Augustin Hadelich, Anne Sophie-Mutter, Kyung-Sun Lee, Midori, Robert Lipsett, Lambert Orkis, Ren\u00e9e Fleming, and Jessye Norman. Upcoming highlights for 2022 include a recital at Carnegie Hall, and recording an album with her good friend and longtime duo partner Jacquelin Cordova-Arrington.<\/p>\n\n\n\n<p>In Minji\u2019s free time, she enjoys playing the violin, painting, and cooking Korean food with her husband Atticus.<\/p>\n\n\n\n<p class=\"has-drop-cap\"><strong>Atticus Mellor-Goldman<\/strong>, originally from Los Angeles, California, received his Bachelor\u2019s degree in 2019 from the Robert McDuffie Center for Strings and studied with Julie Albers, Hans Jensen, and Richard Aaron. He went on to earn his Masters degree in 2021 from Yale University, where he studied with Paul Watkins and Ole Akahoshi. Upon graduation, Mellor-Goldman moved to Washington, D.C. after winning a position in the Air Force Strings.<\/p>\n\n\n\n<p>He has performed at concert venues around the world and has been featured on NPR\u2019s \u201cFrom the Top\u201d and American Public Media\u2019s \u201cPerformance Today,\u201d. In 2015, his string quartet from Los Angeles was awarded the Gold Medal Prize of the Fischoff Chamber Music Competition\u2019s Junior division.&nbsp;In 2014, he was selected as one of two musicians to act as a \u201ccultural ambassador\u201d for New York University Abu Dhabi.&nbsp;He is also a past winner of the Townsend School of Music\u2019s concerto competition.&nbsp;<\/p>\n\n\n\n<p>He has also been privileged to perform chamber music alongside distinguished artists including Osmo V\u00e4nsk\u00e4, Erin Keefe, Edgar Meyer, Ivano Zaneghi,&nbsp; Amy Moretti, Rebecca Albers, Annie Fullard, and Robert McDuffie. His chamber music and orchestral experience includes the summer festivals of Kneisel Hall, Rome Chamber Music Festival, Moritzburg Festival Academy, Sarasota Music Festival, Festival Schiermonnikoog, and the Bowdoin International Music Festival Fellowship Program.<\/p>\n\n\n\n<p>Mellor-Goldman currently resides in Fairfax, Virginia with his wife Minji.<\/p>\n\n\n\n<p class=\"has-drop-cap\"><strong>Florrie Marshall<\/strong> is an artist of sounds, and lover of all things musical. Florrie comes from a long musical lineage and is proud to be continuing in the footsteps of her family members from previous generations. After the passing of both paternal grandparents and maternal grandmother who lead lives as professional musicians, Marshall continued her musical studies with her great-aunt and legendary pedagogue Dora Marshall Mullins in Virginia Beach, Virginia.&nbsp;<\/p>\n\n\n\n<p>With a passion for exploring chamber music literature, Marshall has been a participant at several esteemed chamber music festivals most recently including ClasClas, under the direction of Guy Braunstein, former concertmaster of the Berlin Philharmonic. Other festival appearances include the Four Seasons Chamber Music Festival\u2019s <em>Winter Workshop<\/em> 2016, 2017 &amp; 2019, the Heifetz International Music Institute, the Beethoven Institute in New York City, and the Manchester Music Festival. Such festivals have afforded Marshall the opportunity to perform alongside revered artists such as Guy Braunstein, Franz Bartolomey, Chris Grymes, Ida Kavafian, Ani Kavafian, Michael Kannen, Ara Gregorian, Hye-Jin Kim, Ilya Kaler, Ralph Kirshbaum, Mark Jakobs,&nbsp;Raman Ramakrishnan, Emanuel Gruber and Melissa Reardon.&nbsp;<\/p>\n\n\n\n<p>In addition to her love of chamber music, she also developed as an orchestral musician, having served as principal violist of the Yale Philharmonia, concertmaster, principal second violin and principal viola for both the East Carolina University Symphony Orchestra and conductor-less ensemble, The Virginia Beach Philharmonic Chamber Orchestra. During her senior year at ECU, Marshall performed an orchestral concert in the same way her grandfather once did: As concertmaster from the first violin section for the first half, and as concertmaster from the viola section for the second half.&nbsp;<\/p>\n\n\n\n<p>Florrie earned a bachelor\u2019s degree in violin performance and a Certificate of Advanced Performance Studies in viola from East Carolina University where she studied with Hye-Jin Kim and Ara Gregorian. She recently earned her Master of Music degree from Yale University, studying with renowned pedagogues Steven Tenenbom and Ettore Causa. As a graduate student and recipient of the Stephen and Denise Adams Fellowship, she received the 2017 Presser Foundation Graduate Award and the 2018 Philip F. Nelson Prize. Florrie also received the 2017 Interdisciplinary Arts Award from Yale\u2019s Center for Collaborative Arts and Media.<\/p>\n\n\n\n<p>Florrie is currently completing her first year as a Doctor of Musical Arts candidate at the Yale School of Music, where she studies with violist Ettore Causa.<\/p>\n\n\n\n<div style=\"height:7px\" aria-hidden=\"true\" class=\"wp-block-spacer\"><\/div>\n\n\n\n<hr class=\"wp-block-separator has-alpha-channel-opacity\"\/>\n\n\n\n<p class=\"has-text-align-center\">If you&#8217;d like to receive Emerson Avenue Salon invitations, you can add yourself to the invitation list <a href=\"https:\/\/emersonavenuesalons.com\/?page_id=1212\">HERE<\/a>.<\/p>\n","protected":false},"excerpt":{"rendered":"<p>&nbsp; &nbsp; &nbsp;&nbsp; Sunday January 15, 2022 Emerson Avenue Salonlines Proudly Presents a Live YouTube Broadcast &#8211; A &#8220;hybrid&#8221; concert &#8211; Minji NamAtticus Mellor-GoldmanFlorrie Marshall Piano, Cello &amp; Viola Intimate Voices PROGRAM Astor&nbsp;Piazzolla&nbsp;(1921-1992)La Calle 92Florrie Marshall, viola and Atticus Mellor-Goldman, cello Astor&nbsp;Piazzolla&nbsp;(1921-1992)OblivionMinji Nam, piano, Florrie Marshall, viola and Atticus Mellor-Goldman, cello York Bowen (1884-1961)Phantasy in [&hellip;]<\/p>\n","protected":false},"author":1,"featured_media":0,"parent":189,"menu_order":0,"comment_status":"closed","ping_status":"closed","template":"","meta":{"footnotes":""},"class_list":["post-5738","page","type-page","status-publish","hentry"],"_links":{"self":[{"href":"https:\/\/emersonavenuesalons.com\/index.php?rest_route=\/wp\/v2\/pages\/5738","targetHints":{"allow":["GET"]}}],"collection":[{"href":"https:\/\/emersonavenuesalons.com\/index.php?rest_route=\/wp\/v2\/pages"}],"about":[{"href":"https:\/\/emersonavenuesalons.com\/index.php?rest_route=\/wp\/v2\/types\/page"}],"author":[{"embeddable":true,"href":"https:\/\/emersonavenuesalons.com\/index.php?rest_route=\/wp\/v2\/users\/1"}],"replies":[{"embeddable":true,"href":"https:\/\/emersonavenuesalons.com\/index.php?rest_route=%2Fwp%2Fv2%2Fcomments&post=5738"}],"version-history":[{"count":0,"href":"https:\/\/emersonavenuesalons.com\/index.php?rest_route=\/wp\/v2\/pages\/5738\/revisions"}],"up":[{"embeddable":true,"href":"https:\/\/emersonavenuesalons.com\/index.php?rest_route=\/wp\/v2\/pages\/189"}],"wp:attachment":[{"href":"https:\/\/emersonavenuesalons.com\/index.php?rest_route=%2Fwp%2Fv2%2Fmedia&parent=5738"}],"curies":[{"name":"wp","href":"https:\/\/api.w.org\/{rel}","templated":true}]}}