{"id":3421,"date":"2021-02-01T18:36:33","date_gmt":"2021-02-01T18:36:33","guid":{"rendered":"https:\/\/emersonavenuesalons.com\/?page_id=3421"},"modified":"2022-01-25T03:43:21","modified_gmt":"2022-01-25T03:43:21","slug":"salonline-2021-01-31","status":"publish","type":"page","link":"https:\/\/emersonavenuesalons.com\/?page_id=3421","title":{"rendered":"Salonline 2021-01-31 Miroslav Loncar and Natasa Klasinc"},"content":{"rendered":"<p style=\"text-align: center;\"><a class=\"maxbutton-3 maxbutton maxbutton-button-3-text\" title=\"Click Here to donate (100% Matched!)\" href=\"https:\/\/emersonavenuesalons.com\/?page_id=2935\"><span class='mb-text'>DONATE!<\/span><\/a>\u00a0 \u00a0 <a class=\"maxbutton-3 maxbutton maxbutton-button-3-text\" title=\"Click to Watch YouTube\" href=\"https:\/\/youtu.be\/UnesoWJcJJ8\"><span class='mb-text'>Watch Salonline<\/span><\/a>\u00a0\u00a0 <a class=\"maxbutton-3 maxbutton maxbutton-button-3-text\" title=\"Click to see Older Salons\" href=\"https:\/\/emersonavenuesalons.com\/?page_id=189\"><span class='mb-text'>Previous Salons<\/span><\/a><\/p>\n<hr \/>\n<h2 style=\"text-align: center;\"><em>Sunday January 31<\/em>, 2021<\/h2>\n<h4 style=\"text-align: center;\">a live YouTube Broadcast&#8230;<em><br \/>\n<\/em><\/h4>\n<h1 style=\"text-align: center;\"><strong>Klasinc &amp; Lon\u010dar Duo<\/strong><\/h1>\n<h3 style=\"text-align: center;\"><strong>Nata\u0161a Klasinc &amp; Miroslav Lon\u010dar<\/strong><\/h3>\n<h1 style=\"text-align: center;\"><a href=\"https:\/\/emersonavenuesalons.com\/wp-content\/uploads\/2020\/05\/Natasa-Klasinc-Miroslav-Loncar-Emerson-Avenue-Salonline-May-10-2020.jpg\"><img loading=\"lazy\" decoding=\"async\" class=\"aligncenter size-full wp-image-2707\" src=\"https:\/\/emersonavenuesalons.com\/wp-content\/uploads\/2020\/05\/Natasa-Klasinc-Miroslav-Loncar-Emerson-Avenue-Salonline-May-10-2020.jpg\" alt=\"\" width=\"953\" height=\"483\" srcset=\"https:\/\/emersonavenuesalons.com\/wp-content\/uploads\/2020\/05\/Natasa-Klasinc-Miroslav-Loncar-Emerson-Avenue-Salonline-May-10-2020.jpg 953w, https:\/\/emersonavenuesalons.com\/wp-content\/uploads\/2020\/05\/Natasa-Klasinc-Miroslav-Loncar-Emerson-Avenue-Salonline-May-10-2020-300x152.jpg 300w, https:\/\/emersonavenuesalons.com\/wp-content\/uploads\/2020\/05\/Natasa-Klasinc-Miroslav-Loncar-Emerson-Avenue-Salonline-May-10-2020-768x389.jpg 768w, https:\/\/emersonavenuesalons.com\/wp-content\/uploads\/2020\/05\/Natasa-Klasinc-Miroslav-Loncar-Emerson-Avenue-Salonline-May-10-2020-624x316.jpg 624w\" sizes=\"auto, (max-width: 953px) 100vw, 953px\" \/><\/a><\/h1>\n<h1 style=\"text-align: center;\">PROGRAM<\/h1>\n<h2 style=\"text-align: center;\"><strong>&#8220;THE MANY FACES OF THE GUITAR&#8221;<\/strong><\/h2>\n<p style=\"text-align: center;\"><strong>St\u00e4ndchen<\/strong>*<br \/>\nFranz Schubert (1797-1828)<\/p>\n<p style=\"text-align: center;\"><strong>Chaconne in G<\/strong>*<br \/>\nGeorge Frederic Handel (1685-1759)<\/p>\n<p style=\"text-align: center;\"><strong>Waltz, Op. 64, No. 2<\/strong>*<br \/>\nFr\u00e9d\u00e9ric Chopin (1810-1849)<\/p>\n<p style=\"text-align: center;\"><strong>Sch\u00f6n Rosmarin<\/strong>*<br \/>\n<strong>Liebesfreud<\/strong>*<br \/>\nFritz Kreisler (1875-1962)<\/p>\n<p style=\"text-align: center;\"><strong>Sevilla<\/strong>*<br \/>\nIsaac Albeniz (1860-1909)<\/p>\n<p style=\"text-align: center;\"><strong>&#8212;&#8212;&#8212;&#8211;\u00a0\u00a0 INTERMISSION\u00a0\u00a0 &#8212;&#8212;&#8212;&#8212;<\/strong><\/p>\n<p style=\"text-align: center;\"><strong>Cavatina<\/strong>**<br \/>\nStanley Myers (1930-1993)<\/p>\n<p style=\"text-align: center;\"><strong>Funky Sonata<\/strong><br \/>\nMiroslav Lon\u010dar (b. 1964)<br \/>\nAndante ritmico<br \/>\nLarghetto ritmato ed espressivo<br \/>\nRondo vivace<\/p>\n<p style=\"text-align: center;\"><strong>Song About the Sea<\/strong><br \/>\nMiroslav Lon\u010dar<\/p>\n<p style=\"text-align: center;\"><strong>Agua y Vinho<\/strong><br \/>\nEgberto Gismonti (b. 1947)<\/p>\n<p style=\"text-align: center;\"><strong>Tango, Milonga y Final Maximo<\/strong><br \/>\nDiego Pujol (b. 1957)<br \/>\nTango de Abril<br \/>\nMilonga de Junio<br \/>\nFinal Feliz<\/p>\n<p style=\"text-align: center;\"><em>*Transcribed by Miroslav Lon<\/em><em>\u010d<\/em><em>ar<\/em><br \/>\n**Arranged by Miroslav Lon<em>\u010d<\/em><em>ar<\/em><\/p>\n<hr \/>\n<h1 id=\":1ss\" class=\"hP\" style=\"text-align: center;\" tabindex=\"-1\" data-thread-perm-id=\"thread-f:1688724980710850425|msg-f:1688724980710850425\" data-legacy-thread-id=\"176f8e6c36993f79\"><span class=\"il\"><strong>Biography<\/strong><br \/>\n<\/span><\/h1>\n<p style=\"text-align: center;\"><em>&#8220;&#8230;precise ensemble&#8230; high degree of<\/em><em>\u2028<\/em><em>technical mastery&#8230; stunning.&#8221;<\/em> \u2015 Soundboard.<\/p>\n<p>As highly versed and accomplished guitar duo, <strong>Nata\u0161a Klasinc<\/strong> and <strong>Miroslav Lon\u010dar<\/strong> have been concertizing together for over twenty-five years. This husband-and-wife duo has performed at a variety of music festivals and concert series across the United States, Canada, and Europe. Their performances have been described by numerous concert presenters and music critics as: &#8220;eye-opening&#8221;, &#8220;outstanding&#8221;, &#8220;one of the best&#8221;, a &#8220;moving musical experience&#8221;, &#8220;enlightening&#8221;, &#8220;sparkling&#8221;, and &#8220;performed with uncommon virtuosity and musicality of the highest order&#8221;. Klasinc&amp;Lon\u010dar Duo&#8217;s concert programs blend baroque, classical and romantic compositions with Lon\u010dar&#8217;s original works, transcriptions, and arrangements of Croatian and other Mediterranean folk styles and music of the Viennese tradition.<\/p>\n<p>Nata\u0161a and Miroslav formed their duo at the University of Graz, Austria, where they both studied classical guitar with professors Marga B\u00e4uml and Martin Myslive\u010dek. Soon after forming their duo, they won the Best Guitar Duo Prize at the International Guitar Competition Toyoko Yamashita in Berlin. They both received their Doctor of Musical Arts Degrees from the University of Southern Mississippi. The Klasinc&amp;Lon\u010dar Duo can be heard on\u00a0five\u00a0CD recordings:\u00a0<em>A Fantastic Journey<\/em>\u2014 a CD with original compositions by Lon\u010dar,<em> Images\u2014<\/em><em>with <\/em>works\u00a0for two guitars,\u00a0<em>Con Spirito<\/em>\u2014mostly Lon\u010dar&#8217;s transcriptions for two guitars and cello, a CD accompanying the music\u00a0book\u00a0<em>Danzas of Puerto Rico<\/em>, and the <em>Christmas Album <\/em><em>released by Aguado Guitar Concerts<\/em>.<\/p>\n<p>Miroslav and Nata\u0161a are also active music teachers, event organizers, and happy parents of two musician daughters.<\/p>\n","protected":false},"excerpt":{"rendered":"<p>\u00a0 \u00a0 \u00a0\u00a0 Sunday January 31, 2021 a live YouTube Broadcast&#8230; Klasinc &amp; Lon\u010dar Duo Nata\u0161a Klasinc &amp; Miroslav Lon\u010dar PROGRAM &#8220;THE MANY FACES OF THE GUITAR&#8221; St\u00e4ndchen* Franz Schubert (1797-1828) Chaconne in G* George Frederic Handel (1685-1759) Waltz, Op. 64, No. 2* Fr\u00e9d\u00e9ric Chopin (1810-1849) Sch\u00f6n Rosmarin* Liebesfreud* Fritz Kreisler (1875-1962) Sevilla* Isaac Albeniz [&hellip;]<\/p>\n","protected":false},"author":1,"featured_media":0,"parent":189,"menu_order":0,"comment_status":"closed","ping_status":"closed","template":"","meta":{"footnotes":""},"class_list":["post-3421","page","type-page","status-publish","hentry"],"_links":{"self":[{"href":"https:\/\/emersonavenuesalons.com\/index.php?rest_route=\/wp\/v2\/pages\/3421","targetHints":{"allow":["GET"]}}],"collection":[{"href":"https:\/\/emersonavenuesalons.com\/index.php?rest_route=\/wp\/v2\/pages"}],"about":[{"href":"https:\/\/emersonavenuesalons.com\/index.php?rest_route=\/wp\/v2\/types\/page"}],"author":[{"embeddable":true,"href":"https:\/\/emersonavenuesalons.com\/index.php?rest_route=\/wp\/v2\/users\/1"}],"replies":[{"embeddable":true,"href":"https:\/\/emersonavenuesalons.com\/index.php?rest_route=%2Fwp%2Fv2%2Fcomments&post=3421"}],"version-history":[{"count":0,"href":"https:\/\/emersonavenuesalons.com\/index.php?rest_route=\/wp\/v2\/pages\/3421\/revisions"}],"up":[{"embeddable":true,"href":"https:\/\/emersonavenuesalons.com\/index.php?rest_route=\/wp\/v2\/pages\/189"}],"wp:attachment":[{"href":"https:\/\/emersonavenuesalons.com\/index.php?rest_route=%2Fwp%2Fv2%2Fmedia&parent=3421"}],"curies":[{"name":"wp","href":"https:\/\/api.w.org\/{rel}","templated":true}]}}