{"id":2526,"date":"2020-01-24T20:53:46","date_gmt":"2020-01-24T20:53:46","guid":{"rendered":"https:\/\/emersonavenuesalons.com\/?page_id=2526"},"modified":"2020-01-24T20:58:45","modified_gmt":"2020-01-24T20:58:45","slug":"salon-2019-12-14-double-c-piano-duo","status":"publish","type":"page","link":"https:\/\/emersonavenuesalons.com\/?page_id=2526","title":{"rendered":"Salon 2019-12-14 Double C Piano Duo"},"content":{"rendered":"<h2 style=\"text-align: center;\"><em>SATURDAY<\/em> December 14, 2019 in Mclean<\/h2>\n<h1 style=\"text-align: center;\"><strong>Double C Piano Duo<\/strong><\/h1>\n<p style=\"text-align: center;\"><strong>Barbara Peterson Cackler and Rosanne Conway, pianists<\/strong><\/p>\n<p><a href=\"https:\/\/emersonavenuesalons.com\/wp-content\/uploads\/2019\/12\/Cackler-Conway-DoubleCDuo2-Xmas-Hats-in-Mclean-Bells-Web.jpg\"><img loading=\"lazy\" decoding=\"async\" class=\"aligncenter size-full wp-image-2518\" src=\"https:\/\/emersonavenuesalons.com\/wp-content\/uploads\/2019\/12\/Cackler-Conway-DoubleCDuo2-Xmas-Hats-in-Mclean-Bells-Web.jpg\" alt=\"\" width=\"640\" height=\"659\" srcset=\"https:\/\/emersonavenuesalons.com\/wp-content\/uploads\/2019\/12\/Cackler-Conway-DoubleCDuo2-Xmas-Hats-in-Mclean-Bells-Web.jpg 640w, https:\/\/emersonavenuesalons.com\/wp-content\/uploads\/2019\/12\/Cackler-Conway-DoubleCDuo2-Xmas-Hats-in-Mclean-Bells-Web-291x300.jpg 291w, https:\/\/emersonavenuesalons.com\/wp-content\/uploads\/2019\/12\/Cackler-Conway-DoubleCDuo2-Xmas-Hats-in-Mclean-Bells-Web-624x643.jpg 624w\" sizes=\"auto, (max-width: 640px) 100vw, 640px\" \/><\/a><\/p>\n<h1 style=\"text-align: center;\">P\u00a0 R\u00a0 O\u00a0 G\u00a0 R\u00a0 A\u00a0 M<\/h1>\n<p><strong>Sleigh Ride<\/strong>\u00a0\u00a0\u00a0\u00a0\u00a0\u00a0\u00a0\u00a0\u00a0\u00a0\u00a0\u00a0\u00a0\u00a0\u00a0\u00a0\u00a0\u00a0\u00a0\u00a0\u00a0\u00a0\u00a0\u00a0\u00a0\u00a0\u00a0 \u00a0\u00a0\u00a0\u00a0\u00a0\u00a0\u00a0\u00a0\u00a0\u00a0\u00a0\u00a0\u00a0\u00a0\u00a0 Leroy Anderson (arr. M. Edwards)<\/p>\n<p><strong>Wachet auf, ruft uns die Stimme<\/strong>\u00a0\u00a0\u00a0\u00a0 J.S. Bach (arr. L. Duck)<\/p>\n<p>Selections from <em><strong>Jeux d\u2019Enfants<\/strong>:\u00a0\u00a0\u00a0\u00a0\u00a0\u00a0 <\/em>Georges Bizet (arr. D. Goldberger)<\/p>\n<ul>\n<li>The Top<\/li>\n<li>The Bugler and the Drummer<\/li>\n<li>The Ball<\/li>\n<\/ul>\n<p><strong>Tambourin Chinois<\/strong>\u00a0\u00a0\u00a0\u00a0\u00a0\u00a0\u00a0\u00a0\u00a0\u00a0\u00a0\u00a0\u00a0\u00a0\u00a0\u00a0\u00a0\u00a0\u00a0\u00a0\u00a0\u00a0\u00a0\u00a0\u00a0\u00a0\u00a0\u00a0 F. Kreisler (arr. G. Anderson)<\/p>\n<p><strong>Fantasia on <\/strong><em><strong>Greensleeves<\/strong>\u00a0 <\/em>\u00a0\u00a0\u00a0\u00a0\u00a0\u00a0\u00a0\u00a0\u00a0\u00a0\u00a0\u00a0\u00a0\u00a0\u00a0 Ralph Vaughan Williams (arr. H. Foss)<\/p>\n<p><strong>Silent Night<\/strong>\u00a0\u00a0\u00a0\u00a0\u00a0\u00a0\u00a0\u00a0\u00a0\u00a0\u00a0\u00a0\u00a0\u00a0\u00a0\u00a0\u00a0\u00a0\u00a0\u00a0\u00a0\u00a0\u00a0\u00a0\u00a0\u00a0\u00a0\u00a0\u00a0\u00a0\u00a0\u00a0\u00a0\u00a0\u00a0\u00a0\u00a0\u00a0\u00a0\u00a0\u00a0\u00a0 F. Gruber (arr. J. Carter)<\/p>\n<p><strong>He is Born!<\/strong>\u00a0\u00a0\u00a0\u00a0\u00a0\u00a0\u00a0\u00a0\u00a0\u00a0\u00a0\u00a0\u00a0\u00a0\u00a0\u00a0\u00a0\u00a0\u00a0\u00a0\u00a0\u00a0\u00a0\u00a0\u00a0\u00a0\u00a0 \u00a0\u00a0\u00a0\u00a0\u00a0\u00a0\u00a0\u00a0\u00a0\u00a0\u00a0\u00a0\u00a0\u00a0\u00a0 Trad. French (arr. J. Carter)<\/p>\n<p><strong>Nutcracker Suite<\/strong>\u00a0\u00a0\u00a0\u00a0\u00a0\u00a0\u00a0\u00a0\u00a0\u00a0\u00a0\u00a0\u00a0\u00a0\u00a0\u00a0\u00a0\u00a0\u00a0\u00a0\u00a0\u00a0\u00a0\u00a0\u00a0\u00a0\u00a0\u00a0\u00a0\u00a0\u00a0\u00a0\u00a0 Peter Ilyich Tchaikovsky (arr. E. Langer)<\/p>\n<ul>\n<li>\u00a0\u00a0\u00a0\u00a0\u00a0\u00a0 Miniature Overture<\/li>\n<li>\u00a0\u00a0\u00a0\u00a0\u00a0\u00a0 March<\/li>\n<li>\u00a0\u00a0\u00a0\u00a0\u00a0\u00a0 Dance of the Sugar Plum Fairy<\/li>\n<li>\u00a0\u00a0\u00a0\u00a0\u00a0\u00a0 Russian Dance, \u201cTr\u00e9pak\u201d<\/li>\n<li>\u00a0\u00a0\u00a0\u00a0\u00a0\u00a0 Arab Dance<\/li>\n<li>\u00a0\u00a0\u00a0\u00a0\u00a0\u00a0 Chinese Dance<\/li>\n<li>\u00a0\u00a0\u00a0\u00a0\u00a0\u00a0 Dance of the Reed Flutes<\/li>\n<li>\u00a0\u00a0\u00a0\u00a0\u00a0\u00a0 Waltz of the Flowers<\/li>\n<\/ul>\n<h1 style=\"text-align: center;\">Biographies<\/h1>\n<p><strong>Barbara Peterson Cackler<\/strong> was born and raised in Kansas, where she began studying the piano with her mother at the age of four.\u00a0 She received her Bachelor of Music degree from Oberlin Conservatory of Music and her Master of Music degree from Yale School of Music.\u00a0 She has done extensive private teaching, accompanying, and chamber music, and has served as music director and organist for several churches. She currently serves as Director of Music\/Organist at Central United Methodist Church in Arlington, Virginia.\u00a0 She has given solo recitals throughout the United States and the Indian Sub-Continent as well.\u00a0 She was a featured guest artist on WGMS Radio\u2019s \u201cSpotlight\u201d program.\u00a0 She has also performed with the Delhi Symphony as a piano soloist.\u00a0 Her teachers have included Miles Mauney, Olga Barabini, Donald Currier, Claude Frank, B\u00e9la B\u00f6sz\u00f6rmenyi-Nagy and Thomas Mastroianni.\u00a0 Ms. Cackler maintains an active private teaching studio and is a member of the American Guild of Organists, the Friday Morning Music Club and the MTNA.<\/p>\n<p>Hailed by critics for her \u201cmusical elegance and brilliant technique\u201d, pianist <strong>Rosanne Conway<\/strong> is a native of Seattle, Washington, where she performed with the Seattle Symphony at the age of 16.\u00a0 She holds Bachelor\u2019s and Master\u2019s degrees in piano performance and, as winner of the Petri Award for Foreign Study, attended the Hochschule fur Musik und Theatre in Hannover, Germany and received a diploma from the Mozarteum in Salzburg, Austria. In New York, she studied with Earl Wild at Juilliard. Ms. Conway has appeared on many local and regional concert series including Anderson House, the Arts Club of Washington, the State Department, the Luxembourg Embassy, and for the American Liszt Society Festival at the Kennedy Center.\u00a0 Ms. Conway and Santiago Rodriguez have recorded Rachmaninoff\u2019s four hand\/two piano works for the Elan label.\u00a0 Ms. Conway has also served on the faculties of Lewis and Clark College, the University of Maryland, and National Cathedral School.\u00a0 She is currently a member of the Main Street Chamber Players and maintains a teaching studio in Fairfax. VA.<\/p>\n<p>Please visit their website at <strong><a href=\"http:\/\/www.doublecpianoduo.com\">www.doublecpianoduo.com<\/a><\/strong><\/p>\n","protected":false},"excerpt":{"rendered":"<p>SATURDAY December 14, 2019 in Mclean Double C Piano Duo Barbara Peterson Cackler and Rosanne Conway, pianists P\u00a0 R\u00a0 O\u00a0 G\u00a0 R\u00a0 A\u00a0 M Sleigh Ride\u00a0\u00a0\u00a0\u00a0\u00a0\u00a0\u00a0\u00a0\u00a0\u00a0\u00a0\u00a0\u00a0\u00a0\u00a0\u00a0\u00a0\u00a0\u00a0\u00a0\u00a0\u00a0\u00a0\u00a0\u00a0\u00a0\u00a0 \u00a0\u00a0\u00a0\u00a0\u00a0\u00a0\u00a0\u00a0\u00a0\u00a0\u00a0\u00a0\u00a0\u00a0\u00a0 Leroy Anderson (arr. M. Edwards) Wachet auf, ruft uns die Stimme\u00a0\u00a0\u00a0\u00a0 J.S. Bach (arr. L. Duck) Selections from Jeux d\u2019Enfants:\u00a0\u00a0\u00a0\u00a0\u00a0\u00a0 Georges Bizet (arr. D. Goldberger) The Top The [&hellip;]<\/p>\n","protected":false},"author":1,"featured_media":0,"parent":189,"menu_order":0,"comment_status":"closed","ping_status":"closed","template":"","meta":{"footnotes":""},"class_list":["post-2526","page","type-page","status-publish","hentry"],"_links":{"self":[{"href":"https:\/\/emersonavenuesalons.com\/index.php?rest_route=\/wp\/v2\/pages\/2526","targetHints":{"allow":["GET"]}}],"collection":[{"href":"https:\/\/emersonavenuesalons.com\/index.php?rest_route=\/wp\/v2\/pages"}],"about":[{"href":"https:\/\/emersonavenuesalons.com\/index.php?rest_route=\/wp\/v2\/types\/page"}],"author":[{"embeddable":true,"href":"https:\/\/emersonavenuesalons.com\/index.php?rest_route=\/wp\/v2\/users\/1"}],"replies":[{"embeddable":true,"href":"https:\/\/emersonavenuesalons.com\/index.php?rest_route=%2Fwp%2Fv2%2Fcomments&post=2526"}],"version-history":[{"count":0,"href":"https:\/\/emersonavenuesalons.com\/index.php?rest_route=\/wp\/v2\/pages\/2526\/revisions"}],"up":[{"embeddable":true,"href":"https:\/\/emersonavenuesalons.com\/index.php?rest_route=\/wp\/v2\/pages\/189"}],"wp:attachment":[{"href":"https:\/\/emersonavenuesalons.com\/index.php?rest_route=%2Fwp%2Fv2%2Fmedia&parent=2526"}],"curies":[{"name":"wp","href":"https:\/\/api.w.org\/{rel}","templated":true}]}}